 28 = 0. Calculate the remainder when 364 is divided by b.
12
Suppose 0 = l - 6*l + 15. Let q(v) = -9*v**2 - 2*v + 5*v**3 - 6*v**l + 2*v**3 + 31. What is the remainder when 24 is divided by q(9)?
11
Suppose 5*r = 4*y - 17, -3*y + r = -0 - 21. Suppose 50*u + 1638 = 8388. What is the remainder when u is divided by y?
7
Suppose 233*m - 5814014 = -523*m + 22*m. What is the remainder when m is divided by 233?
232
Let p be ((-4)/((-16)/(-284)))/1. Let g = -63 - p. What is the remainder when 30 is divided by g?
6
What is the remainder when -1 + 360 - -1 - 1 is divided by 19 - 140/336*-12?
23
Suppose 929 = 4*a + 881. What is the remainder when 416 is divided by a?
8
What is the remainder when 159 is divided by ((-13)/6)/((-11)/(-1716)*-13)?
3
Suppose 44*v - 1040 = 18*v. Calculate the remainder when 55 is divided by v.
15
Suppose 0 = -2*c - 2*c - 3*v + 146, -4*c + 3*v + 134 = 0. Let i be (-2)/5 - 616/(-40). Let j = c - i. What is the remainder when 57 is divided by j?
17
Suppose -3*d + 4*n - 340 = -7*d, -3*d = -4*n - 241. Calculate the remainder when d is divided by (-2)/4 + (-14)/28*(3 + -26).
6
Let u = -10429 + 10481. Calculate the remainder when 118 is divided by u.
14
Let k(t) = 5*t**2 - t**3 - 40 + 24 - 21*t + 9*t**2. What is the remainder when 136 is divided by k(12)?
16
Let s = -2215 + 2278. Calculate the remainder when 326 is divided by s.
11
Let v be 288/40*15/9. Suppose 243 = v*y + 15*y. Suppose 0 = 4*b + 4*w - 176, -3*b - 5*w = -98 - 38. Calculate the remainder when b is divided by y.
6
Let p(n) = n**3 - 25*n**2 - 51*n - 23. Suppose 85 - 25 = 4*s. Calculate the remainder when p(27) is divided by ((-16)/(-6))/(2/s).
18
Let m(y) = -20*y + 234. Let x be ((-60)/16)/((-12)/32). What is the remainder when m(x) is divided by 6?
4
Suppose -9*n = 3*n - 540. What is the remainder when -5 + (-290)/(-60) + (-2361)/(-18) is divided by n?
41
Let o be (-1)/3 + 8350/30. Let h = 288 - o. What is the remainder when 33 is divided by h?
3
Calculate the remainder when 683 is divided by (15/40*-4)/(((-30)/(-228))/(-5)).
56
Let c(t) = t**2 + 5*t - 213. Calculate the remainder when 387 is divided by c(13).
9
Suppose 14*n - 422 - 1146 = 0. Suppose 0 = h - 6*h + j + 300, -2*h + n = -2*j. What is the remainder when 242 is divided by h?
59
Let q = -324 - -192. Let a = -67 - q. Suppose -k + 5*w = -0*k - a, -2*k + 3*w = -102. What is the remainder when k is divided by 8?
5
Let p = 186 + -136. Suppose 0 = f - p + 37. What is the remainder when f is divided by 13?
0
Let l(t) = t**3 - 3*t**2 - t + 3. Let p be l(3). Suppose 8*m + 10 - 90 = p. Let q(z) = -5*z - 8. Calculate the remainder when q(-8) is divided by m.
2
Calculate the remainder when 134 is divided by 22 + -3 - (14 - 9 - 7).
8
Let n be (5 + -5)*4/(-12) + 4. Suppose n*m - 84 = -4*i, 84 = 4*i - 5*m + 6*m. What is the remainder when 83 is divided by i?
20
Calculate the remainder when (28 - 325)*(-5 - 0) is divided by 12.
9
Let i = 3 + 161. What is the remainder when i is divided by (-255)/(-15) + -14 - -4?
3
Suppose 2*p = -s + 259, -7*s + 4*s = -5*p - 821. Suppose -5*a + 5*b + 787 = s, 3*b = -2*a + 193. What is the remainder when a is divided by 52?
49
Let z(x) = x**2 - 61*x - 3986. Let k(u) = -u**3 + u**2 + u + 1. What is the remainder when z(-40) is divided by k(-2)?
10
Let x be -1 - -4 - (3 + -1). Suppose -5*q + 6*j - 7*j = 18, 2*q + 21 = -5*j. What is the remainder when 9 is divided by q - (-2 + -7 + x + 0)?
4
Let h(a) = -3*a**2 + 90*a - 139. Calculate the remainder when 280 is divided by h(28).
19
Let b = -21866 + 22156. Calculate the remainder when 1156 is divided by b.
286
Let y = -71 + 115. Let h be 48*(-1 + -1 - (-147)/42). Suppose -23*u + 417 = h. Calculate the remainder when y is divided by u.
14
Let u = -134 + 763. What is the remainder when 1260 is divided by u?
2
Let f be 38/(4*7/28). Suppose 29*d - f*d + 9 = 0. Suppose 6 = 3*j + 4*i, 3*j + 5 - 11 = 3*i. Calculate the remainder when j is divided by d.
0
Let m(o) = 6*o**2 - 2*o - 7. Let q(x) = x**3 - 3*x**2 + 5*x - 8. Let v be q(3). What is the remainder when m(v) is divided by 46?
43
Let q = 72 + -41. Suppose -440 = -5*i + 15*i. Let c = i + 53. Calculate the remainder when q is divided by c.
4
Let k = -358 - -503. Suppose 3*v + 2*v - k = -3*s, -145 = -5*v - 4*s. Calculate the remainder when 92 is divided by v.
5
Let z(a) = 633*a**2 + 48*a + 49. What is the remainder when z(-1) is divided by 70?
4
Let v(t) = 6*t**2 - 131*t + 732. Calculate the remainder when v(5) is divided by 63.
38
Suppose -5*n = g + 20, -13*g = -17*g + 4*n + 40. Suppose 2*m - m + 9 = -5*b, 67 = g*m - 3*b. Calculate the remainder when m is divided by 7.
4
Suppose 1052*w - 706837 + 163668 = 315*w. Calculate the remainder when 1481 is divided by w.
7
Suppose -2*q + 82 = 12*b - 8*b, 3*q = -2*b + 103. Suppose 35*r - 8 = q*r. Suppose 10 = d + d. Calculate the remainder when d is divided by r.
1
Suppose -5*y + 84 = 4*m, 5*m + 120 = 5*y - 0*m. Suppose 5*n - 133 = -w - 59, -5*w = -4*n - 515. What is the remainder when w is divided by y?
19
Let l(f) = -17*f + 719. Calculate the remainder when 408 is divided by l(42).
3
Let m = -111565 - -111639. Suppose o + 2*x = 287, x = 2*o + 6*x - 572. Calculate the remainder when o is divided by m.
69
Suppose 2*m - 328 = -7*r, 0 = 156*r - 152*r - 5*m - 212. Let s = -61 - -97. Suppose -3*l + 24 = -s. Calculate the remainder when r is divided by l.
8
Let q = -66 + 134. Let j = 124 + -69. Let l = q - j. Calculate the remainder when l is divided by 4.
1
Suppose 2*n - 2*m - 2*m = 142, 2*n - 2*m = 150. Calculate the remainder when 146 is divided by n.
67
Suppose 3*w - 5*w = 0. Suppose 10*c - 21*c + 473 = w. What is the remainder when c is divided by -1*3*(-7 - -2)?
13
Let z = -236 - -571. Calculate the remainder when z is divided by (-15 - -24) + -14 - -40 - (0 - -7).
27
Let m be ((-9)/6)/(6/(-16)). Let f(w) = 5*w**2 - 10*w + 2. Let g be f(m). Suppose u = g - 8. What is the remainder when u is divided by 18?
16
Let s be 66*((-5)/4*-4 + 19). Let b = s - 1017. What is the remainder when b is divided by 71?
70
What is the remainder when 23 + 746 + 13 + 23 is divided by 90?
85
Let o be -2 + (-6)/9*-21. Let w = -5 + o. Suppose 0 = 3*t - 11 - 1. Calculate the remainder when w is divided by t.
3
Let x(j) = -j**2 - 121*j - 423. Calculate the remainder when x(-85) is divided by 24.
21
Suppose -14*z = -69 - 71. Suppose 2*o + 5*t - 738 = 0, 12*o + t = z*o + 722. What is the remainder when o is divided by 36?
35
Suppose -2*v + 12 = 0, -26*v = 5*k - 24*v - 952. What is the remainder when 670 is divided by k?
106
Suppose 25*u - 28*u + 21 = 0, -4*v = -2*u - 35470. Calculate the remainder when v is divided by 58.
55
What is the remainder when 239 is divided by (6 + -20)*(-16)/28?
7
Suppose 32 = 3*o - 160. What is the remainder when o is divided by (-64)/(-6) - -2 - 405/243?
9
What is the remainder when 714/(-2352) + 3/7 - (-16557)/24 is divided by 277?
136
Let r = 3621 + -3608. Let o(u) = 2*u**2 - 2*u + 2. Let t be o(1). Suppose -2*q = -3*h - h + 16, t*h - 8 = 3*q. Calculate the remainder when r is divided by h.
1
Suppose 35*m + m - 2772 = -6*m. Calculate the remainder when 717 is divided by m.
57
Suppose 11*v - 430 = 9*v + 5*w, -2*w = v - 233. What is the remainder when v is divided by 46?
41
Let x(d) = d**2 - 12. Let f be x(4). Suppose 2*j - 95 = -p, -f*j + 169 = -3*p + 4. What is the remainder when 88 is divided by j?
43
Suppose -4*k + 508 = -448. Suppose -k = 9*z - 707. Calculate the remainder when z is divided by 30.
22
Suppose -1498 + 1090 = -6*s. Calculate the remainder when 294 is divided by s.
22
Suppose -2*w = -3 - 5. Let d = 1600 + -1595. Calculate the remainder when d is divided by w/(-10)*(-9 + -1).
1
Let r(z) = 7*z - 66. Let x be r(12). Suppose -x + 9 = -3*t. Calculate the remainder when 4 is divided by t.
1
Let j(n) = n**3 + 11*n**2 - 25*n + 16. Let r be (1/(7/(-90)))/(2/(-14)). Suppose 2*z = 6, r = 3*t + t - 2*z. What is the remainder when t is divided by j(-13)?
0
Suppose 3*v + 45 = -4*f + 3*f, f - 67 = 5*v. Let g = 30 + -3. Let o = g + v. Calculate the remainder when 30 is divided by o.
4
Suppose -2756 = 11*t - 15*t. Suppose 15*r - t = -44. What is the remainder when r is divided by 27?
16
Suppose 303 = 3*a - 696. Let o(h) = -a + h + 331 + h - h. What is t